 (-124436)/(-234) - (-4)/18. Suppose 5*z - 92 = -s, 5*s + 0*z = -z + t. Suppose -7*k - 2 = -s. Calculate the remainder when k is divided by 11.
4
Let o(x) = -121*x - 3183. Calculate the remainder when 984 is divided by o(-29).
6
Let r = -11 - -42. Let q(y) = 2*y**2 + 8*y + 9. Let f be q(-9). Suppose -3*w + f = 5*s - 68, 4*w = -2*s + 232. What is the remainder when w is divided by r?
28
Suppose 9*r + 4*h - 164 = 7*r, -h = 5. Calculate the remainder when 172 is divided by r.
80
Let s = 16766 - 16746. Suppose 0*j - j = 5, -30 = -5*a + 3*j. Suppose -q + a*q - 63 = -3*m, 2*q + 5*m - 53 = 0. What is the remainder when q is divided by s?
19
Suppose 12 = -2*m + 4*m. What is the remainder when (5*16/(-360))/(34/(-1683)) is divided by m?
5
Let z = -667 - -744. Suppose -2*n - 232 = -w, -5*n + 663 = 3*w - 0*w. Calculate the remainder when w is divided by z.
72
Let t = 39932 + -39595. Calculate the remainder when 47852 is divided by t.
335
Let s(v) = 2*v**2 + 80*v + 1146. What is the remainder when 12387 is divided by s(-22)?
351
Let j(r) = 2*r**3 + 53*r**2 - 55*r - 727. Suppose 12 = s + 2. Calculate the remainder when j(-27) is divided by s.
9
Suppose 0 = p + 64 - 223. Suppose -3*l = z - 2*z - 155, -3*l + 3*z + p = 0. Calculate the remainder when l is divided by 8.
3
Suppose -g - 3*g = 4. Let k = g - -18. Suppose 2*b - 4*f - 268 = 0, 80 - 104 = 3*f. Calculate the remainder when b is divided by k.
16
Let a(o) = o**3 + 22*o**2 + 20*o - 17. Let f be a(-21). Suppose 2 = s, 0*s = -f*x - 4*s + 428. What is the remainder when x is divided by 28?
21
Suppose -3*i - 25 = 5*h - 2*i, 8 = 3*h - 4*i. What is the remainder when ((-14)/(-21))/(h/(-342)) is divided by 6 + -4 + 0 + 13?
12
What is the remainder when (27/(-21))/((-118)/228802) is divided by 20?
13
Suppose 1179 + 966 = 3*u. Suppose 871 = 4*h + u. Calculate the remainder when 350 is divided by h.
38
Let z(t) = t**3 + 16*t**2 + 7*t - 41. What is the remainder when z(10) is divided by 436?
13
Let j(q) = -q**3 + 13*q**2 - 45*q + 45. What is the remainder when 3143 is divided by j(8)?
3
Let h(k) = 5*k**2 - k - 4. Let j be -21*((-20)/(-6) - 4). Suppose 5*s + 2 = u + j, 5*u - 12 = s. What is the remainder when h(u) is divided by 20?
18
Let z(x) = 2*x**3 + 25*x**2 + 11*x + 9. Let c be z(-12). Suppose -11*n + c*n = 1530. Calculate the remainder when n is divided by 22.
21
Let i = -151 - -187. Calculate the remainder when (-1698)/(-8) - 11/44 is divided by i.
32
Suppose 5*p - 80 = -0. Let a(t) = 29*t - 212. Let h(r) = 28*r - 211. Let s(g) = -6*a(g) + 7*h(g). Calculate the remainder when s(15) is divided by p.
13
What is the remainder when (-1459815)/(-70)*(1 - 5)*1/(-3) is divided by 22?
20
Suppose -24*x = -15*x - 1872. Let l = x - 189. What is the remainder when 282 is divided by l?
16
Suppose -108 = -3*m - 17*m + 232. Let i = 1 + 0. Calculate the remainder when m is divided by i.
0
Suppose 1 + 5 = -6*r. Let p = r + 3. Suppose -p*q = 4*i - 118, 0*i - 5*q - 69 = -3*i. What is the remainder when 222 is divided by i?
26
Let o(d) = d**2 - 131*d - 1671. Suppose 0 = -2*r - 11 + 17. What is the remainder when o(-12) is divided by r?
0
Let a(x) = 17*x**3 - x**2 - 2*x - 2. Let r be a(-2). Let p be (-2 - r/(-7)) + 26/(-91). Let m = -16 - p. What is the remainder when 23 is divided by m?
5
Suppose -3*m + 18 = -7*t - 131, t + 92 = 2*m. What is the remainder when m is divided by (-7)/(2 + 12/(-3) - -1)?
3
Calculate the remainder when (8 + 619)*16/88 is divided by 34.
12
Suppose -3*q = 4*v - 165, 4*q + 11*v = 7*v + 216. Suppose 0 = 5*s - 301 - 454. Calculate the remainder when s is divided by q.
49
What is the remainder when 439 is divided by (100 - 103) + ((-12)/(-4) - -18)?
7
Suppose -151 = 8*l - 255. Let t = -134 - -457. What is the remainder when t is divided by l?
11
What is the remainder when (-2214)/(-117)*78/9 is divided by 13?
8
Let u(c) = 56*c + 2 - 71*c + 0*c**2 - 3*c**2 - 12. Let g be u(-4). Suppose -g*q = -5*q + 510. Calculate the remainder when q is divided by 19.
18
Let h(q) = -q**3 + 40*q**2 - 77*q + 56. Suppose 16 = -5*z + 6. Let f = 7 + z. What is the remainder when h(38) is divided by f?
3
Suppose -4208*x + 4440*x = 668624. What is the remainder when x is divided by 66?
44
Let d = 15155 + -14501. Calculate the remainder when 658 is divided by d.
4
Calculate the remainder when 329 is divided by 2528/(-112)*(-14)/1.
13
Let v(d) = -4 - 1 + d - 6 - 1. Let i be v(5). Let o(k) = k**3 + 8*k**2 + 2*k - 9. Calculate the remainder when 129 is divided by o(i).
25
Suppose 5 - 95 = 15*f. Let z(w) = -14*w - 29. Calculate the remainder when z(f) is divided by 7.
6
Suppose -84*w = -500*w + 76544. What is the remainder when 262 is divided by w?
78
Let d = 235 + -184. Suppose 2*u = -0*u + 8, -3*u - 20 = -4*n. What is the remainder when d is divided by n?
3
Let b(l) = -59*l + 48. Let h be b(3). Let z = h + 353. What is the remainder when z is divided by 12?
8
Suppose -3*x + 209 = 4*z, 0 = 2*z - x - 24 - 73. Calculate the remainder when z is divided by 8.
2
Let a(d) = -d**2 - 24*d - 44. Let c be a(-21). Suppose -5*u = 4*y - 81, -c = -y - 4*u - 7. Let b = 30 + 14. Calculate the remainder when b is divided by y.
20
Suppose -15*j + 216 = 3*j. What is the remainder when 109 is divided by (54/j - 1)*(-64)/(-14)?
13
Let y be 6/5 + 2354/55. Suppose 0 = y*x + 181 - 577. Calculate the remainder when 23 is divided by x.
5
Suppose -4*i + 78 = 2*u, -3*u + 9 + 8 = i. Suppose i*n - 627 - 273 = 0. Calculate the remainder when 224 is divided by n.
44
Let t be 25085/(-116)*(-1 + (-14)/2). Let a = t + -1209. What is the remainder when a is divided by 29?
28
Let m = -4839 + 4989. What is the remainder when m is divided by 52?
46
Suppose -25*p + 23*p = 0. Let h be (p - 62) + 7 - 1/1. Let o = 61 + h. What is the remainder when o is divided by 4?
1
Let c(t) = 9*t + 1. Let u = 4563 - 4152. Calculate the remainder when u is divided by c(5).
43
Let c(q) be the first derivative of -3*q**2 - 104*q - 27. What is the remainder when 71 is divided by c(-21)?
5
Suppose 3*f = -t + 1, -3*f - 2*f - 1 = t. Suppose t*r + 4 = 24. Suppose 0 = -r*c + 10, -j + 0*j + 58 = 3*c. What is the remainder when j is divided by 18?
16
Suppose -33*w = -9*w - 1512. What is the remainder when w is divided by 38?
25
Suppose -1187 = -5*p + 4*b, -142 = -p + 4*b + 89. Calculate the remainder when p is divided by 11.
8
Suppose 28*q - 3939 = -3*q + 18*q. What is the remainder when 918 is divided by q?
9
Let c be (28/(-8) - -2) + (-3)/6. Let i(h) = h**2 - 13*h - 6. Calculate the remainder when i(c) is divided by 13.
11
What is the remainder when (((-1785)/(-30))/1)/(-2 - (-39)/18) is divided by 187?
170
Let s = 2880 - 2506. What is the remainder when s is divided by 48?
38
Suppose -3*t - 8172 - 15552 = -6*u, -3*u + 11861 = -2*t. What is the remainder when u is divided by 86?
85
Let s = -2 - -1. Suppose 11*r - 75*r + 768 = 0. What is the remainder when 2*(-14)/s - -1 is divided by r?
5
Let w = 9828 + -8949. Calculate the remainder when w is divided by 174.
9
Suppose -64*t = -66*t + 108. Suppose 4*y - t = w + 72, 2*y = 5*w + 72. What is the remainder when y is divided by 17?
14
Let x(a) = 24*a + 22. Let t be x(-4). Let s = 90 - t. Suppose s = 3*q + 14. Calculate the remainder when q is divided by 13.
11
Let b be -2*-2*((-1308)/16 - 0). Let v = 921 + b. Suppose 26*t - v = 17*t. What is the remainder when t is divided by 34?
32
Suppose -4*u + 230 = u - 5*z, -5*u + 222 = -3*z. Suppose h = 3*n + 143 + 59, -h = -2*n - 202. What is the remainder when h is divided by u?
34
Suppose 0*w + 2*l = 4*w - 820, -4*w - 3*l = -770. Let i(d) = 11*d - 4. Calculate the remainder when w is divided by i(3).
26
Suppose -25219 = -9*y + 6*y - 4*k, 21 = 3*k. What is the remainder when y is divided by 19?
18
Let a(m) = -m**3 + 16*m**2 - 16*m - 22. Let t be a(12). Suppose 7*z = -t + 2462. Suppose 0 = 5*w + 5*w - z. Calculate the remainder when 111 is divided by w.
21
Suppose 0 = -9*u - 3*o + 7*o + 10021, u - 5*o = 1118. What is the remainder when u is divided by 36?
33
Let d = -406 - -492. Calculate the remainder when 699 is divided by d.
11
Suppose 37 = 3*s + 7. Let q(r) = r**3 + 3*r**2 + 39*r + 176. What is the remainder when s is divided by q(-4)?
2
Let q be 115 + 3 + (0 - -1). Let l = q + 34. Suppose 6*p = 3 + 18